8
32
What is -1540 (base 9) in base 8?
-2222
Convert 3000 (base 4) to base 3.
21010
-326a (base 13) to base 15
-212c
-1141054 (base 6) to base 5
-3403431
What is 133104 (base 7) in base 11?
17941
Convert -98 (base 13) to base 14.
-8d
Convert 16357 (base 12) to base 13.
11500
What is 684 (base 9) in base 12?
3aa
899 (base 14) to base 4
122213
Convert 4 (base 15) to base 8.
4
What is -2173 (base 8) in base 10?
-1147
What is 2898b (base 12) in base 6?
1114255
What is 1111210 (base 3) in base 6?
5033
Convert -14011 (base 5) to base 13.
-690
-1403 (base 5) to base 13
-147
What is -412134 (base 6) in base 8?
-100172
What is -885 (base 11) in base 4?
-100211
-206 (base 9) to base 2
-10101000
Convert -24452 (base 8) to base 16.
-292a
-1031053 (base 6) to base 3
-2120200020
What is b5bb (base 13) in base 15?
76cb
14311 (base 8) to base 2
1100011001001
Convert -752 (base 10) to base 5.
-11002
29124 (base 12) to base 16
df6c
What is -3a3 (base 15) in base 8?
-1474
18 (base 16) to base 13
1b
Convert -32031 (base 4) to base 7.
-2436
What is -23025 (base 6) in base 2?
-110010111001
-11000011010001 (base 2) to base 9
-18125
What is 3881 (base 10) in base 7?
14213
20a6 (base 12) to base 13
1827
-15983 (base 10) to base 11
-11010
-1292 (base 10) to base 6
-5552
What is 1874 (base 15) in base 16?
14a4
What is -3310 (base 4) in base 3?
-100001
Convert -1757 (base 14) to base 5.
-113233
3c2c (base 14) to base 5
314444
What is 22756 (base 8) in base 7?
40211
2279 (base 12) to base 2
111011111101
What is -972 (base 13) in base 5?
-22424
What is -10126 (base 9) in base 15?
-1e96
What is 211110 (base 5) in base 12?
409a
Convert 3207 (base 10) to base 7.
12231
What is -2302 (base 6) in base 11?
-453
What is 100230 (base 5) in base 15?
e2a
What is 9191 (base 11) in base 10?
12200
Convert 1120102 (base 3) to base 13.
6a1
1233 (base 7) to base 5
3330
-121131 (base 4) to base 8
-3135
161 (base 11) to base 15
c8
What is 5635 (base 12) in base 6?
112105
What is 2cc (base 15) in base 6?
2550
93 (base 14) to base 4
2001
Convert -8506 (base 12) to base 15.
-44a0
-51 (base 10) to base 7
-102
What is -407 (base 16) in base 5?
-13111
What is -2741 (base 13) in base 11?
-4259
Convert 2202211122 (base 3) to base 7.
315026
What is -d8eb (base 15) in base 5?
-2432041
-d0f (base 16) to base 13
-16a2
-152 (base 10) to base 15
-a2
What is 34051 (base 6) in base 12?
2927
Convert -2ec (base 15) to base 3.
-220220
What is -146144 (base 7) in base 5?
-1403200
What is 29ca (base 14) in base 2?
1110100000110
What is -4a5 (base 11) in base 12?
-41b
What is -afd (base 16) in base 11?
-2128
What is 11005 (base 6) in base 14?
7a5
Convert 352 (base 12) to base 5.
3434
What is 423 (base 10) in base 7?
1143
-2967 (base 13) to base 16
-1770
-235 (base 15) to base 11
-415
What is 37646 (base 9) in base 11?
18023
40315 (base 7) to base 3
111101121
What is 2245 (base 10) in base 8?
4305
23219 (base 11) to base 3
1201000010
Convert 13060 (base 8) to base 13.
277c
What is 159 (base 10) in base 11?
135
What is 4141 (base 11) in base 10?
5490
-2012 (base 5) to base 12
-195
What is -1234320 (base 6) in base 11?
-46442
What is -203520 (base 6) in base 15?
-4ccc
What is 61 (base 15) in base 5?
331
-74a (base 11) to base 4
-32011
What is -10300001 (base 4) in base 12?
-b315
-14115 (base 6) to base 13
-100a
2b35 (base 12) to base 14
1bcd
What is 4490 (base 15) in base 13?
6801
-824 (base 10) to base 2
-1100111000
What is 336 (base 14) in base 10?
636
Convert -112010 (base 3) to base 10.
-381
What is 297 (base 11) in base 2?
101011100
Convert -1c8 (base 14) to base 8.
-564
Convert b0 (base 14) to base 6.
414
Convert -432212 (base 7) to base 4.
-102113120
What is 210102 (base 3) in base 9?
712
Convert 123220 (base 4) to base 10.
1768
842 (base 9) to base 16
2ae
What is 1124024 (base 5) in base 14?
7694
-8191 (base 11) to base 15
-3349
461 (base 12) to base 2
1010001001
Convert 29736 (base 11) to base 10.
42147
What is 1006a (base 11) in base 16?
397d
Convert 35606 (base 8) to base 2.
11101110000110
Convert 698 (base 12) to base 15.
455
2333 (base 5) to base 15
17d
What is 1364 (base 10) in base 16?
554
What is -4d0 (base 16) in base 2?
-10011010000
What is 17160 (base 11) in base 3?
1020010021
What is b6c (base 15) in base 16?
a11
What is -111100001001 (base 2) in base 16?
-f09
Convert -3311 (base 4) to base 6.
-1045
What is 11138 (base 15) in base 8?
152006
-6884 (base 16) to base 7
-141002
What is -597 (base 11) in base 16?
-2c7
What is 278a1 (base 13) in base 3?
10202111011
What is 4621 (base 7) in base 3?
2022021
-1000100110011 (base 2) to base 10
-4403
-63527 (base 8) to base 12
-13387
What is -75d (base 15) in base 7?
-4564
Convert 120220 (base 3) to base 9.
526
What is 29ae (base 16) in base 10?
10670
What is 48 (base 14) in base 8?
100
-211202 (base 6) to base 16
-42f2
What is -2a48 (base 12) in base 8?
-11530
Convert 231210 (base 5) to base 3.
102101121
Convert 2572 (base 14) to base 7.
25102
What is -14252 (base 11) in base 2?
-100111100101000
36 (base 7) to base 5
102
What is -761 (base 12) in base 3?
-1111001
Convert -1001210 (base 3) to base 6.
-3333
Convert -4513 (base 8) to base 5.
-34004
-2166 (base 10) to base 14
-b0a
Convert 1311124 (base 5) to base 3.
1022101011
Convert 230155 (base 8) to base 5.
4443213
Convert -17b4b (base 15) to base 13.
-28c55
Convert -325433 (base 7) to base 15.
-11e08
-1201212 (base 3) to base 15
-595
-74624 (base 9) to base 7
-263611
11332013 (base 4) to base 13
b192
What is -3266 (base 7) in base 12?
-81b
What is 1946 (base 12) in base 16?
c06
-110101010000100 (base 2) to base 3
-1101101221
Convert -4cfc (base 16) to base 5.
-1112313
What is -2152 (base 6) in base 4?
-13310
What is -332221 (base 4) in base 9?
-5444
What is -2646 (base 9) in base 15?
-8c6
Convert 96 (base 14) to base 12.
b0
-823 (base 11) to base 3
-1100210
-102203 (base 5) to base 7
-12665
Convert 726 (base 14) to base 2.
10101111110
What is 152245 (base 7) in base 3?
1111122101
Convert -4113 (base 10) to base 9.
-5570
375 (base 9) to base 15
15b
Convert 212320 (base 5) to base 7.
30010
-112200 (base 3) to base 15
-1b6
-44020 (base 5) to base 8
-5702
What is -9ac (base 14) in base 12?
-1138
What is -512 (base 15) in base 7?
-3221
Convert 531 (base 14) to base 16.
3ff
30661 (base 7) to base 15
237a
Convert 1ac7 (base 13) to base 15.
1300
What is 1372 (base 8) in base 16?
2fa
What is -2a1 (base 11) in base 2?
-101100001
-22032 (base 5) to base 6
-11005
Convert 44013 (base 5) to base 13.
14a5
What is -6d05 (base 14) in base 7?
-106305
-97 (base 13) to base 15
-84
-1989 (base 16) to base 5
-202122
Convert 111111110011101 (base 2) to base 7.
164150
-11a4 (base 14) to base 13
-1533
1415 (base 7) to base 5
4201
What is 1000020000 (base 3) in base 7?
111600
What is -11049 (base 11) in base 5?
-1003100
What is -11001100001 (base 2) in base 15?
-73d
What is 2324 (base 16) in base 2?
10001100100100
What is -b135 (base 12) in base 16?
-4af9
Convert -30a (base 15) to base 10.
-685
-68e (base 16) to base 6
-11434
Convert -42108 (base 9) to base 15.
-837b
-2001021 (base 4) to base 9
-12303
Convert 3301 (base 4) to base 15.
111
What is -31244 (base 5) in base 12?
-124a
What is -102403 (base 5) in base 4?
-312112
What is 106a1 (base 16) in base 6?
1235133
-2a4 (base 12) to base 14
-216
What is 2493 (base 13) in base 14?
1c6a
What is 463 (base 9) in base 16?
17d
12a1 (base 13) to base 5
41131
Convert -373 (base 8) to base 2.
-11111011
What is 31213 (base 8) in base 2?
11001010001011
What is -1534 (base 7) in base 16?
-265
What is 13028 (base 15) in base 5?
3421123
Convert 3131 (base 8) to base 3.
2020012
Convert 2523 (base 6) to base 12.
443
Convert 1030102 (base 4) to base 15.
16a7
Convert -29105 (base 10) to base 2.
-111000110110001
Convert -6115 (base 8) to base 10.
-3149
What is -1a9 (base 11) in base 15?
-110
What is -4640 (base 10) in base 6?
-33252
2033 (base 5) to base 10
268
Convert -10021 (base 3) to base 5.
-323
What is 2891 (base 15) in base 4?
2013232
Convert 10000000101110 (base 2) to base 3.
102022010
What is 753 (base 11) in base 10?
905
Convert 3133430 (base 5) to base 9.
78743
-2879 (base 10) to base 14
-1099
What is 212002121 (base 3) in base 4?
10013011
What is -20003 (base 4) in base 7?
-1334
Wha